ctor of d and 8?
8
Suppose 2*z + 423 - 61 = 3*q, -476 = -4*q + 4*z. Let v = 475 - q. What is the greatest common factor of v and 39?
39
Let j(w) = w + 36. Let d be j(-27). Let a = -210 - -234. What is the highest common divisor of d and a?
3
Let l be (-160)/(-72) + (-10)/45. Let n(f) = -12*f + 1. Let u be n(-2). Suppose -3*h = -l*h - u. Calculate the greatest common divisor of h and 25.
25
Let m be 455/26*(-80)/(-28). What is the greatest common divisor of m and 200?
50
Let u(a) = a**3 - 7*a**2 - 19*a + 30. Let x be u(9). Calculate the greatest common divisor of x and 14.
7
Let t(w) be the second derivative of w**3/3 + w**2 - 20*w. Let v be t(0). What is the highest common divisor of v and 26?
2
Let w be (-4)/10 - (-3136)/(-35). Let c = -40 - w. What is the greatest common factor of c and 10?
10
Let i be ((-4)/6)/(2/3). Let r be 0/((-9)/(-3))*i. Suppose d - 3*w = -12, -3*d + r + 14 = w. Calculate the highest common divisor of 1 and d.
1
Let a(l) = -3*l**2 + 7*l + 12. Let k(y) = -2*y**2 + 7*y + 12. Let h(z) = -3*a(z) + 4*k(z). Let m be h(-6). Calculate the highest common factor of 42 and m.
6
Suppose 5*u - 5*a = -8*a + 148, 5*a = 3*u - 116. Let w(h) = -2*h**3 - 6*h**2 + 8*h + 4. Let q be w(-5). Calculate the greatest common divisor of u and q.
32
Suppose 0*f - 22*f = -1100. What is the greatest common divisor of 4 and f?
2
Suppose j + 11 - 35 = 0. Suppose 0 = 3*u + 2*n - 53, 5*u + 2*n - 71 = j. Calculate the highest common divisor of 3 and u.
3
Let t(w) = 27*w - 3. Let q = -4 - -6. Let r be t(q). Let s = 46 - 12. Calculate the highest common factor of r and s.
17
Let a = -80 + 64. Let h be (42 - (a/2)/4)*1. Suppose 4*d = -16, -4*d = -5*n + d + 40. Calculate the greatest common divisor of n and h.
4
Let x(q) = 7*q + 24 - 11 - 7 - 4. Let a be x(-1). Let m(i) = -38*i - 10. Let g be m(a). Calculate the greatest common factor of 20 and g.
20
Suppose 0 = -15*r + 7*r + 96. Suppose -r*p + 9*p = -42. Suppose -3*o - 17 = -185. What is the highest common factor of o and p?
14
Suppose -2*x + 398 = -0*x. Let o = x - 100. Let k = -6 + 15. What is the highest common divisor of k and o?
9
Let c(k) = 5*k**2 + 7*k. Let u be c(5). Suppose 0 = 4*f - 0*f - 12. Suppose x + 62 = f*v, -10 = 6*x - x. What is the highest common factor of v and u?
20
Suppose -42 = -20*s + 58. What is the greatest common factor of s and 160?
5
Let j be (2130/(-9))/(-6 + 210/36). What is the highest common factor of j and 71?
71
Let v(o) = -o + 16. Let a be 14 + (-3 - (0 - 3)). Suppose 0 = 5*q - 2*q, 2*c - q = a. Let w be v(c). Calculate the greatest common factor of 45 and w.
9
Let m(y) = -8*y - 7. Let a be m(10). Let b = -64 - a. Calculate the highest common factor of b and 23.
23
Let j(a) = 4*a - 58. Let z be j(22). Calculate the highest common divisor of z and 195.
15
Let a be (-3)/9*-161 + (-190)/114. What is the highest common divisor of a and 1196?
52
Suppose 0 = 4*r + 2*g - 144 - 150, 228 = 3*r + 4*g. Let y = -441 + 449. Calculate the highest common divisor of y and r.
8
Suppose 17 = -3*t + 29. Calculate the highest common factor of t and 64.
4
Suppose 2*m - 6 = -x, 6 = 7*m - 2*m - 2*x. Suppose a = -m*a + 132. Suppose -2*d = 4*y - a, -y = -d + y + 38. Calculate the greatest common factor of d and 12.
6
Let h(s) = 1. Let l(y) = -11*y - 1. Let q(v) = 4*h(v) + l(v). Let j be q(-3). Suppose -j = -5*i + i. Calculate the greatest common factor of i and 1.
1
Let m = -498 - -501. Calculate the greatest common divisor of 48 and m.
3
Let t = -38 + 68. Calculate the greatest common divisor of 80 and t.
10
Let c = 6 - 6. Suppose c = -2*y - y. Suppose n - 6*t + 3*t - 60 = 0, 5*n - t - 300 = y. Calculate the greatest common factor of n and 20.
20
Suppose 4*f - 197 = 727. Calculate the greatest common factor of 42 and f.
21
Let j = -272 - -134. Let m = 141 + j. What is the highest common divisor of m and 6?
3
Let b be 128/40 - 1/5. Suppose -4 - 2 = -b*d. Calculate the highest common divisor of d and 2.
2
Let j be -2 - (-39)/15 - (-6282)/30. Calculate the highest common divisor of 168 and j.
42
Let a be 7 - 4/(4/(-3)). Let z(p) = p**3 - 15*p**2 - 14*p + 8. Let j be z(16). Calculate the highest common divisor of a and j.
10
Suppose -209*g + 213*g - 24 = 0. Calculate the greatest common divisor of 132 and g.
6
Let h = 1649 - 1641. Suppose 36 = 2*u + 12. What is the highest common factor of h and u?
4
Let a(r) = 3*r**2 - r. Let i be a(1). Suppose 16 = 2*d + i*d. Suppose s + 0*m = -m + 4, -2*s = d*m - 14. What is the highest common divisor of 4 and s?
1
Let w = -158 + 173. Calculate the greatest common divisor of 35 and w.
5
Suppose -3*i = 2*i - 40. Let d(l) = l**2 - 39*l + 9. Let h be d(34). Let z = 177 + h. What is the highest common factor of z and i?
8
Suppose -17*c + 18*c = 55. Calculate the greatest common factor of c and 15.
5
Suppose -u = -0*u + 1. Let r be (u/(-4))/((-21)/(-84)). What is the highest common divisor of r and 2?
1
Let l be -3*(-1 - (-12)/(-9)). Let q = 113 - 112. Calculate the highest common divisor of q and l.
1
Let o be -2*(-2)/(6/9). Let d be (-1)/(-3) - (-52)/o. What is the greatest common factor of 72 and d?
9
Let m = 614 + -591. What is the greatest common factor of m and 138?
23
Let r(f) = -f**2 - 19*f - 20. Let q be r(-15). Calculate the highest common divisor of 15 and q.
5
Let k be (-1)/(-2) + 609/(-6). Let z be -356*(3/6 + -1). Let a = z + k. What is the greatest common factor of a and 11?
11
Suppose -5*l + 51 = 3*o, -27 = -3*l + 32*o - 35*o. Let j = 294 + -210. What is the greatest common divisor of l and j?
12
Let d be (-4)/(3 - 12/3). Let u be 1/(1/2 - 0). Suppose -b + 2 = -u. What is the highest common factor of d and b?
4
Suppose -287*v + 293*v - 384 = 0. Calculate the highest common divisor of 120 and v.
8
Let r be (52/(-5))/(3 + 96/(-30)). Let k = 59 - r. What is the greatest common divisor of 63 and k?
7
Suppose -2*h - 3*k = 2*k + 2, 5*k - 2 = 2*h. Let a(q) = -17*q**3 - 2*q**2 + 1. Let t be a(h). What is the greatest common factor of t and 80?
16
Suppose 2*y - 4*b - 4 = 0, 0*y - 2*b = 5*y - 10. Suppose t - y*t = -4. Let n(z) = z**2 - 7*z + 6. Let o be n(7). What is the greatest common factor of o and t?
2
Suppose 24*c - 29*c = -1485. Calculate the highest common divisor of c and 81.
27
Let j = 53 - 20. Suppose -4*q - 102 = -7*q + 3*o, 3*q = -3*o + 96. What is the greatest common factor of j and q?
33
Let z be (-6 - -4) + 1/((-4)/(-1268)). Calculate the greatest common divisor of 45 and z.
45
Let t = 10 - 0. Suppose -6*l + 28 = -t*l. Let b be -6 - l - (1 - 32). Calculate the greatest common factor of b and 96.
32
Let m = 237 + -141. Let g(u) = -13*u**3 - 4*u**2 - u + 2. Let y be g(-1). What is the highest common divisor of m and y?
12
Suppose 202 = 4*b - 78. Let g be 455/63 - 16/72. What is the highest common divisor of b and g?
7
Let f(t) = 71*t + 3. Let r be f(4). What is the greatest common factor of 7 and r?
7
Let b be -7 - 476/(-35) - 2/(-5). Let u = 11 + -7. Suppose i - 3 + 8 = -u*f, f - 11 = -2*i. What is the highest common factor of i and b?
7
Suppose -2*o + 10 + 34 = 0. Let d(j) = -6*j**2 - 4*j - 1. Let g be d(2). Let p be (-16)/(((-36)/g)/(-6)). Calculate the highest common factor of p and o.
22
Let j be 48/(39/18 - 2). Suppose 4*y - 496 + 16 = 0. Suppose -2*i = 4*q - y, i - 12 = 4*i. Calculate the greatest common divisor of q and j.
32
Suppose -2*b = -t + 2, 2*b + 3*b - 10 = -5*t. Let v be -4 - -406 - -1*t. Let i be 18/27 - v/(-6). Calculate the greatest common factor of i and 17.
17
Let z(l) = 3*l - 3. Let d = 52 - 50. Let m be z(d). What is the highest common factor of m and 4?
1
Let o(x) = -3 - 3*x**2 - x**2 + 0 + 2*x + 5*x**2. Let t be o(-4). Suppose -t*c + 69 = -66. Calculate the greatest common factor of c and 216.
27
Let u(q) = q + 45. Let c be u(0). Suppose -9*x + 27 + 0 = 0. Let p be x - (-16)/9 - (-6)/27. What is the greatest common factor of c and p?
5
Suppose -30 = -2*d + d. Let u be (0 + 1 - -138) + 11. What is the highest common divisor of u and d?
30
Suppose -4*t + 5*o + 3003 = 10*o, 0 = 4*t + 2*o - 2994. Calculate the highest common factor of t and 9.
9
Let y(p) = p**3 - 7*p**2 + 3*p - 18. Let v be y(10). Calculate the greatest common factor of 78 and v.
78
Suppose 18*k - 48 = 15*k. What is the greatest common factor of 184 and k